Let u be q(-2). What are the prime factors of u/102 - (-6)/(-9)?
2, 3, 29
Suppose -2*j - 4*j - 5994 = 0. Let s = 1682 + j. What are the prime factors of s?
683
Suppose -12*g = -200*g + 1736180. What are the prime factors of g?
5, 1847
Let p(d) = -10*d**3 + 2*d**2 - 2*d - 5. Let u be p(-3). Let q = -127 + u. What are the prime factors of q?
2, 3
Let g(h) = 3*h**2 - 25*h + 17. Let b be g(8). Suppose 0 = -2*x + 2*j - 2, -6*x + 2*j = -b*x - 3. What are the prime factors of x/((-4)/(-872)*-2)?
109
Suppose -2*a + 47818 + 26688 = -4*c, 0 = -5*a + 5*c + 186290. List the prime factors of a.
3, 12421
Let j = 8288 - 2818. List the prime factors of j.
2, 5, 547
Let o = -27885 - -41063. List the prime factors of o.
2, 11, 599
Suppose -20*h - 97*h + 1182442 = -674816. List the prime factors of h.
2, 7937
Suppose -92*d + 217112 = 48*d - 1159368. What are the prime factors of d?
2, 1229
Let p(h) = -h**3 + 11*h**2 - 3*h - 9. Let q be p(11). What are the prime factors of ((-7616)/(-168))/((-4)/q)?
2, 7, 17
Suppose -55869 = -44*d + 45551. List the prime factors of d.
5, 461
Suppose -5*h + 38776 = 10*u - 12*u, -u = 4*h - 31026. What are the prime factors of h?
2, 7, 277
Let s(y) = 13*y - 1. Let i be s(1). Let w be (75 + -2)/((i/(-9))/(-4)). Let k = 368 - w. List the prime factors of k.
149
Let l(k) = -3*k**3 - 10*k**2 - 27*k + 8. Let y(z) = z**2 - 6*z + 1. Let o be y(3). What are the prime factors of l(o)?
2, 5, 7
Suppose 4*k - 2*q - 139472 = 0, k - 24406 = -q + 10456. List the prime factors of k.
2, 3, 13, 149
Let d(s) = -14*s + 16. Let z(w) = 4*w + 37. Let y(i) = -39*i - 369. Let x(j) = 2*y(j) + 21*z(j). Let q be x(-7). What are the prime factors of d(q)?
2, 29
Suppose 0 = -8*m - 1293 - 3683. Let i = 634 + m. List the prime factors of i.
2, 3
Let h = -29 + 27. Let s be (-3 - (-87)/9)/h*15. List the prime factors of ((-108)/30)/((-97)/s + -2).
2, 3, 5
Let q(a) = -28*a**3 - 4*a**2 + 8*a + 29. What are the prime factors of q(-3)?
5, 29
Suppose -25185*u - 150384 = -25198*u. What are the prime factors of u?
2, 3, 241
Let q(o) = 115 - 68 + o - 61. Let b be q(18). Suppose 5*s + 2*i - 132 = 3*i, -8 = b*i. What are the prime factors of s?
2, 13
What are the prime factors of ((-233115)/60)/(34/(-272))?
2, 15541
Let n be (-3)/(-6)*(670 + (-24)/(-6)). Suppose 0*i - 328 = -2*i - 2*k, 0 = -2*i + k + n. Suppose -22*g = -23*g + i. What are the prime factors of g?
167
Suppose -20274 = -2*u - 2*n, 4*u + 85*n = 86*n + 40543. What are the prime factors of u?
2, 7, 181
Suppose 4550 = 3*z + g, 5*z + g = 1021 + 6561. Suppose f = 19*p - 15*p + z, 3032 = 2*f - p. List the prime factors of f.
2, 379
Let y(h) = 12*h**2 + 9*h - 46. Let j(k) = 6*k**2 + 4*k - 23. Let l = 54 - 47. Let o(v) = l*j(v) - 3*y(v). What are the prime factors of o(5)?
2, 3, 11
Let x(q) = -12*q + 57. Let o be (-12)/(-8) - (-355)/(-10). List the prime factors of x(o).
3, 5, 31
Let q(y) = 2*y**2 + 16*y + 49. Let r be q(-7). Suppose -28*x + r*x = 4697. List the prime factors of x.
11, 61
Let v(a) = -4*a**2 + 24*a - 34. Let h = 87 - 93. Let o(d) = 5*d**2 - 24*d + 35. Let n(j) = h*v(j) - 5*o(j). What are the prime factors of n(-11)?
2, 43
Suppose g - 2 = -2*p, -3*p + 2*g - 1 + 11 = 0. Suppose -4*f + p*x + 1 + 5 = 0, 2*f = -x + 13. Suppose 53 = f*j - 327. What are the prime factors of j?
5, 19
What are the prime factors of 3/(((-3)/(-6))/(299231/114))?
15749
Let u(s) = 2818*s**3 - 10*s**2 + s. List the prime factors of u(1).
53
Suppose 111*s - 119 = 94*s. Let j(v) = 36*v + 208. What are the prime factors of j(s)?
2, 5, 23
Suppose 149*o = 150*o - 901. Suppose 3*g - o = -5*h, 2*g + 4*h = -g + 905. List the prime factors of g.
307
Suppose 5*v = 2*c - 23377, -c = 363*v - 366*v - 11688. What are the prime factors of c?
3, 433
Let c(f) = 2*f**2 + 9*f + 8. Let q be c(-11). Suppose -156 = -79*x + 66*x. What are the prime factors of q/(34/38 - x/(-114))?
151
Let m(t) = 203*t + 1810. List the prime factors of m(31).
3, 37, 73
Let j = 415 - 10. Let p be (-3)/(-2) + -2 + 91/14. Suppose -p*o - m + j = -o, -5*o + 4*m = -430. List the prime factors of o.
2, 41
Suppose 2*w + 2*y = 2884, -3*w = 8*y - 6*y - 4323. Let n = -559 + w. Suppose -3*s + 9*g = 4*g - n, 1125 = 4*s + 3*g. What are the prime factors of s?
3, 5, 19
Let f = -82 - -86. Suppose -4*g - 4*o = -1028, -g + f*o = -300 + 28. Suppose -4*v + 68 = -g. List the prime factors of v.
2, 41
Let z(f) = f**2 - f + 1. Let d(w) = -4*w**2 - 2*w + 450. Let v(r) = d(r) + 3*z(r). List the prime factors of v(0).
3, 151
Suppose 80*u - 790 = 1682 + 648. Let k = -100 - -140. Suppose k*i - 264 = u*i. List the prime factors of i.
2, 3, 11
Suppose 0 = -5*g + 5520 + 2720. Suppose -g = 3*x + 5*y - 214, -2*x - 5*y = 951. Let o = x + 684. List the prime factors of o.
3, 67
Suppose 4*d - 41402 = -2*q, 4*q - 50*d + 49*d = 82822. What are the prime factors of q?
5, 41, 101
Suppose 4*a + 0*a + 5*p = 17, -2*a - 5*p = -1. Suppose 4*d = u - 14, -a*u + 4*u + d = 19. What are the prime factors of 4/12*(-324)/u?
2, 3
Let c be 87 - 84 - 1*-11. Let h(k) = 93*k. What are the prime factors of h(c)?
2, 3, 7, 31
Suppose -9*k = -10*k + 2*x + 9141, 5*x = 5*k - 45710. What are the prime factors of k?
41, 223
Suppose -1981721 = -96*h - 5*h. What are the prime factors of h?
7, 2803
Suppose l - 8*g + 7*g - 2777 = 0, l - 2779 = 2*g. What are the prime factors of l?
3, 5, 37
Suppose o = -3*v + 6*o + 166, 0 = -2*v - 3*o + 117. Suppose -10*u = -5573 - v. What are the prime factors of u?
563
Let y = -17017 + 27958. What are the prime factors of y?
3, 7, 521
Let r = 34260 - 5520. List the prime factors of r.
2, 3, 5, 479
Let a(x) = 23*x**2 - 1896*x - 183. List the prime factors of a(83).
2, 7
Let i = -686 + 689. Suppose -4*j = i*n - 229, 2*n + 193 + 21 = 4*j. List the prime factors of j.
5, 11
Suppose 0 = -5*l - 4*a + 25, 5*a - 25 = -0*a. Suppose 2*u - l = 61. Suppose 26*c = u*c - 1050. List the prime factors of c.
2, 3, 5, 7
Suppose 3*b - 3*p - 24 = 0, 0 = 3*b + 2*p - 0*p + 1. Suppose -2*c = b*z - c - 1192, 0 = -4*z + 4*c + 1616. What are the prime factors of z?
3, 7, 19
Let n = -73 + -78. Let y(t) = -212*t**3 - t**2 - 81*t + 81. Let p be y(1). Let d = n - p. What are the prime factors of d?
2, 31
Suppose -2*b = 3*x - 17164, -b - b - 5716 = -x. What are the prime factors of (-12)/(-54) + x/18?
2, 3, 53
List the prime factors of (-18)/(-7 + (0 - -4)) + 5504.
2, 5, 19, 29
List the prime factors of (-1159137)/(-126) - (-30)/4.
3, 11, 31
Suppose 6*r - 24*r + 314860 = 2*r. What are the prime factors of r?
7, 13, 173
What are the prime factors of (9 - 80470/40)/(7/(-28))?
8011
Let h(m) be the first derivative of m**4/4 + 2*m**3 - 4*m**2 + 3*m + 11. Let k be h(-7). Let y(u) = u + 11. List the prime factors of y(k).
3, 7
Let v(c) be the first derivative of -c**4/4 + 10*c**3/3 + 5*c**2/2 - 13*c - 1. Let z = 807 - 798. List the prime factors of v(z).
113
Suppose 4*z - 47013 = -2*l - 5529, l - 2*z - 20750 = 0. What are the prime factors of l?
2, 11, 23, 41
Suppose -26*t + 56097 + 335853 = 0. List the prime factors of t.
3, 5, 67
Let r be -8 + 5 + 8 - 45. What are the prime factors of (r/4 + -456)/(1 - 2)?
2, 233
Suppose -t + 3 = 2*t, -3*t + 6939 = 4*v. Let y = 2958 - v. What are the prime factors of y?
2, 3, 17
Let b be 2237 + 4/(-2) - (-3)/3. Suppose -2*z - k = -890, -k - b = -5*z + 2*k. Let d = z - 160. What are the prime factors of d?
2, 11, 13
What are the prime factors of (592/12)/(1383837/(-125811) - -11)?
37, 1997
Let h = -187 + 592. Suppose -o + 1024 - h = 0. List the prime factors of o.
619
Let w = -41983 - -66473. List the prime factors of w.
2, 5, 31, 79
Let m(x) = -6*x**3 + 3*x**2 - x + 13. Suppose 0 = -5*i - 2*f - 12, f + 0*f - 12 = 2*i. What are the prime factors of m(i)?
449
Let u be (-5)/45 - (3512/(-18) - -1). Let a = 422 - u. What are the prime factors of a?
2, 3, 19
Let o(x) = -2*x**3 - 7*x**2 + 5*x + 56. Let a = -288 + 283. List the prime factors of o(a).
2, 53
What are the prime factors of ((-9)/((-324)/308316))/(64/12 - 5)?
25693
Suppose -s = 7*n - 2*n + 836, -s = 4*n + 668. Let i = n + 295. Suppose 4*p - i = 3*p + x, p = -5*x + 97. List the prime factors of p.
2, 61
Suppose 35 - 39 = 4*g. List the prime factors of (2/(-6) - g)/(3/7326).
2, 11, 37
Let z(m) = 4*m + 585. Let h be z(0). Let b = h - 538. List the prime 